test common divisor of 21109508 and 3836?
3836
What is the greatest common divisor of 1210 and 4875574?
242
Calculate the greatest common divisor of 8304 and 37589094.
1038
What is the greatest common factor of 59472 and 3216528?
1008
Calculate the highest common divisor of 840 and 125736555.
105
Calculate the greatest common factor of 348 and 52527.
3
Calculate the greatest common factor of 1565100 and 21300.
300
Calculate the highest common factor of 11492593 and 427.
7
Calculate the greatest common factor of 35878980 and 732.
732
What is the highest common factor of 19719938 and 14?
14
Calculate the greatest common factor of 18148528 and 12.
4
Calculate the greatest common divisor of 1230462950 and 10.
10
Calculate the greatest common divisor of 1302 and 982731.
93
Calculate the greatest common factor of 5190795 and 222345.
2745
What is the greatest common divisor of 10812 and 17083198?
34
Calculate the greatest common factor of 13389 and 502.
1
Calculate the greatest common divisor of 14904 and 126359838.
3726
Calculate the highest common divisor of 3291580710 and 330.
330
Calculate the greatest common factor of 37933 and 931.
7
What is the greatest common factor of 97699238 and 4998?
1666
Calculate the highest common factor of 80 and 1531561680.
80
What is the highest common divisor of 316546167 and 8488?
1061
What is the greatest common divisor of 835572 and 6677574?
2334
Calculate the highest common divisor of 41712 and 2062.
2
What is the greatest common divisor of 56665 and 31636879?
1619
Calculate the greatest common divisor of 100588 and 44.
4
What is the highest common factor of 167268024 and 792?
792
What is the highest common factor of 126 and 15852011?
7
Calculate the greatest common divisor of 245 and 12184620.
35
Calculate the highest common factor of 19440408 and 56.
8
What is the highest common divisor of 117367 and 120776?
487
What is the greatest common divisor of 1096771 and 1482247?
4589
What is the greatest common divisor of 2585 and 859865?
235
Calculate the greatest common factor of 261016 and 2422.
14
What is the highest common factor of 364 and 4273308?
52
What is the greatest common divisor of 4365 and 11195?
5
Calculate the highest common factor of 2339686 and 6850.
274
Calculate the highest common factor of 7045 and 511361325.
7045
What is the highest common factor of 140275 and 27693?
181
Calculate the greatest common divisor of 3366727 and 5005.
91
Calculate the highest common divisor of 346054 and 21513.
71
Calculate the greatest common divisor of 410 and 114170.
10
What is the greatest common divisor of 21 and 336682801?
7
What is the greatest common divisor of 29551684 and 236?
236
What is the highest common factor of 28751 and 9502?
1
Calculate the highest common factor of 171 and 5692723.
19
What is the greatest common divisor of 45262740 and 1080?
60
Calculate the highest common factor of 17033477 and 18693.
2077
What is the greatest common factor of 947715 and 8040?
1005
What is the highest common factor of 60 and 292580070?
30
Calculate the greatest common factor of 2300966 and 5198.
46
Calculate the greatest common divisor of 7958746 and 50150.
118
Calculate the greatest common divisor of 16 and 63962384.
16
Calculate the greatest common divisor of 466436 and 6844.
116
Calculate the greatest common divisor of 9308 and 2861092.
52
Calculate the highest common factor of 181272159 and 426.
213
Calculate the highest common divisor of 12422016 and 1248.
96
What is the highest common factor of 1890 and 1078757190?
1890
What is the highest common factor of 968 and 96569?
11
What is the highest common divisor of 10403491 and 34979?
1841
What is the greatest common factor of 1024105035 and 570?
285
What is the highest common divisor of 69861693 and 66?
33
What is the highest common factor of 390372084 and 12906?
4302
Calculate the highest common divisor of 63452 and 714382.
1094
Calculate the highest common factor of 3220 and 4035948.
644
What is the greatest common divisor of 5386 and 531568577?
2693
What is the greatest common factor of 862741 and 56182984?
8063
What is the greatest common divisor of 2747573 and 2226954?
2491
Calculate the highest common factor of 3944 and 621384.
136
Calculate the greatest common factor of 5608 and 1756338676.
2804
Calculate the greatest common divisor of 177 and 46792841.
59
Calculate the highest common divisor of 276168 and 17217582.
1866
What is the greatest common factor of 7942 and 5234500?
722
Calculate the greatest common divisor of 1683 and 5128033.
17
Calculate the greatest common divisor of 2385549 and 45714.
1203
Calculate the highest common factor of 16680 and 5908056.
3336
Calculate the highest common divisor of 125554023 and 5418.
2709
What is the highest common divisor of 3676849 and 1265?
253
What is the highest common factor of 2355 and 136516995?
2355
What is the greatest common factor of 2279436 and 206763?
5043
Calculate the greatest common divisor of 1932 and 393620367.
483
What is the highest common divisor of 183668 and 9324874?
2482
What is the greatest common factor of 17336 and 269693?
197
What is the greatest common factor of 18852 and 528?
12
Calculate the greatest common divisor of 2562 and 1262273.
61
Calculate the highest common divisor of 40850304 and 145464.
5016
Calculate the greatest common divisor of 7756 and 20341772.
1108
Calculate the greatest common divisor of 19988511 and 145.
29
What is the greatest common factor of 77071 and 686720?
37
Calculate the highest common factor of 2710 and 9039205.
1355
Calculate the greatest common divisor of 38815 and 130623565.
5545
Calculate the greatest common factor of 26867 and 6212441.
67
What is the greatest common divisor of 157194 and 68373?
639
What is the greatest common divisor of 102130603 and 23?
23
Calculate the greatest common factor of 16500 and 217812375.
4125
What is the greatest common divisor of 60456408 and 48?
24
Calculate the highest common divisor of 11725 and 60725.
175
What is the highest common divisor of 67935008 and 2298?
766
What is the highest common factor of 270 and 150033510?
90
What is the greatest common divisor of 5828570 and 2728?
22
What is the greatest common factor of 51775 and 15223921?
2071
Calculate the greatest common divisor of 2206 and 49143062.
2206
What is the greatest common divisor of 779008 and 360?
8
Calculate the highest common factor of 16407 and 373658487.
5469
Calculate the greatest common divisor of 3323723 and 277.
277
Calculate the greatest common factor of 1001 and 20967947.
1001
What is the highest common divisor of 2204 and 1486408?
76
What is the highest common divisor of 5230 and 876472165?
2615
What is the highest common divisor of 1314 and 216693?
9
What is the greatest common divisor of 69316 and 588380?
1612
Calculate the highest common factor of 6052 and 9717999.
1513
What is the greatest common divisor of 702976 and 510464?
512
What is the greatest common divisor of 12302808 and 336?
168
Calculate the greatest common factor of 266 and 830333.
7
What is the highest common factor of 3350 and 17150?
50
Calculate the highest common divisor of 2362412 and 182.
26
Calculate the greatest common factor of 13454739 and 53.
53
What is the greatest common factor of 1010524 and 521196?
1028
Calculate the highest common divisor of 2772 and 184969323.
693
What is the highest common factor of 366105836 and 19356?
6452
Calculate the greatest common divisor of 306309939 and 4329.
1443
Calculate the highest common divisor of 2520 and 574840.
280
Calculate the highest common divisor of 1087896 and 1192.
8
What is the highest common factor of 4884138 and 441?
63
What is the greatest common divisor of 1728822012 and 4164?
4164
Calculate the greatest common factor of 29310240 and 85004.
1076
What is the greatest common factor of 202965301 and 27412?
6853
Calculate the greatest common divisor of 3873377 and 15095.
3019
What is the highest common divisor of 18131771 and 1351?
1351
Calculate the greatest common factor of 3654 and 51618.
42
Calculate the greatest common factor of 13549035 and 75.
15
What is the highest common factor of 1592725 and 15?
5
What is the highest common divisor of 14573 and 2328317?
1121
Calculate the highest common divisor of 